9).
4
Let f(h) = -228*h**2 - 2508*h + 11. Give f(-11).
11
Let q(x) = -3*x - 154. Calculate q(-20).
-94
Let k(q) = -q + 47. What is k(22)?
25
Let r(h) = 186*h - 461. Calculate r(0).
-461
Let g(m) = -796*m + 5497. Calculate g(7).
-75
Let l(y) = 7*y**2 + 302*y + 48. Calculate l(-43).
5
Let l(x) = -x**3 + 10*x**2 - 15*x + 21. Give l(8).
29
Let g(x) = -5*x**3 + 22*x**2 - 39*x + 10. Calculate g(2).
-20
Let i(f) = -990*f + 2976. Give i(3).
6
Let y(n) = 2*n**2 + 54*n + 346. Determine y(-15).
-14
Let l(r) = 87*r - 49. Determine l(1).
38
Let c(o) = -10*o + 121. Give c(10).
21
Let h(n) = -33*n + 400. What is h(12)?
4
Let u(v) = -3*v - 87. What is u(17)?
-138
Let p(c) = c**3 + 6*c**2 - 1173*c - 8161. Determine p(-7).
1
Let q(t) = 679*t + 11536. Determine q(-17).
-7
Let z(s) = -2*s**3 + 23*s**2 - 42*s - 86. Calculate z(11).
-427
Let u(x) = -8526*x + 136418. Calculate u(16).
2
Let d(s) = 2*s**2 - 92*s + 144. Give d(45).
54
Let m(f) = 14681*f + 117445. What is m(-8)?
-3
Let x(z) = -z**3 - 9*z**2 + 53*z + 86. Determine x(-13).
73
Let g(x) = 44*x - 26. Give g(3).
106
Let k(d) = 70*d**2 - 2*d + 2. Give k(1).
70
Let n(k) = 71*k + 546. What is n(-8)?
-22
Let h(o) = -2*o**2 - 11*o + 680. Determine h(16).
-8
Let q(k) = -10*k**3 - 3*k - 8. Calculate q(0).
-8
Let y(u) = 7*u**2 - 93*u + 169. Determine y(2).
11
Let f(c) = -25*c**3 - 5*c**2 + 293*c - 287. Calculate f(1).
-24
Let v(u) = 19*u**2 + 173*u + 11. Give v(-9).
-7
Let n(g) = -2*g**3 + 94*g**2 - 233*g + 6488. Give n(46).
2
Let t(z) = -104*z + 705. Give t(7).
-23
Let c(f) = -2*f**2 + 40*f + 332. What is c(26)?
20
Let j(f) = f**2 + 52*f + 724. Determine j(-23).
57
Let w(b) = 129*b - 642. Calculate w(5).
3
Let l(d) = -d**2 - 23*d + 62. Determine l(-23).
62
Let r(c) = -222*c - 635. Calculate r(-6).
697
Let y(x) = -221*x - 2205. Calculate y(-10).
5
Let r(t) = t**3 + 26*t**2 - 54*t + 130. Calculate r(-28).
74
Let l(q) = -60*q - 2392. Determine l(-38).
-112
Let n(q) = q**3 + 54*q**2 - 166*q + 237. Determine n(-57).
-48
Let z(w) = 18*w**2 + 92*w + 13. Calculate z(-5).
3
Let p(q) = -2*q**2 + q + 113. What is p(-7)?
8
Let n(d) = d**2 + 26*d - 186. What is n(-32)?
6
Let i(p) = 17*p - 317. Give i(23).
74
Let l(m) = -m**2 - 36*m - 32. Calculate l(0).
-32
Let d(j) = -11*j**2 + 22*j + 12. Determine d(2).
12
Let z(s) = 124*s - 3957. Calculate z(32).
11
Let f(m) = 5*m**2 - 35*m - 41. Calculate f(8).
-1
Let m(j) = -3*j**2 + 64*j - 388. Give m(13).
-63
Let k(u) = 3*u - 118. What is k(31)?
-25
Let c(d) = 49*d + 575. Give c(-12).
-13
Let r(c) = 3*c + 59. Give r(25).
134
Let r(n) = -n**3 + 7*n**2 + 184*n + 344. What is r(-2)?
12
Let n(s) = -s**3 + 16*s**2 + 61*s - 977. Calculate n(16).
-1
Let x(i) = -20*i**2 - 14*i + 6. What is x(2)?
-102
Let a(y) = -8*y**3 + 3*y**2 - 2*y + 1. Calculate a(-2).
81
Let o(p) = p**3 - 10*p**2 + 45*p - 15. Give o(3).
57
Let v(m) = 38*m**3 + 4*m**2 - m - 3. Calculate v(2).
315
Let j(l) = 21*l**2 - 2. Calculate j(-4).
334
Let a(w) = w**2 - 52*w + 533. Give a(38).
1
Let x(s) = 35*s - 1386. Determine x(39).
-21
Let d(u) = -9*u**3 + u - 3. Give d(2).
-73
Let j(o) = o**2 - 4*o - 472. Determine j(-19).
-35
Let y(k) = -k**2 - 32*k + 242. Determine y(-40).
-78
Let p(w) = 2*w**3 - 20*w**2 - 30*w + 109. What is p(11)?
21
Let g(o) = -67*o + 91. What is g(-2)?
225
Let k(z) = -64*z**2 + 36*z - 35. Determine k(1).
-63
Let s(j) = -86*j + 194. What is s(6)?
-322
Let w(s) = -17*s**2 - 2*s + 4. Calculate w(-1).
-11
Let f(s) = -s**2 + 174*s - 7649. Determine f(79).
-144
Let b(a) = -2*a - 26. Calculate b(-26).
26
Let j(g) = g**2 + 1325*g - 10687. What is j(8)?
-23
Let t(h) = -17*h + 240. Give t(18).
-66
Let r(u) = -2*u**3 + 54*u**2 + 632*u - 17785. Calculate r(26).
-1
Let q(g) = -4*g**3 + 2*g**2 - 5*g + 61. Give q(0).
61
Let w(z) = -160*z**2 - 1115*z - 23. What is w(-7)?
-58
Let v(u) = -182*u + 24022. Calculate v(132).
-2
Let a(j) = 57*j + 338. Calculate a(-6).
-4
Let v(q) = 16*q - 231. Calculate v(14).
-7
Let r(i) = -30*i - 364. What is r(-12)?
-4
Let f(z) = -293*z - 17280. What is f(-59)?
7
Let r(x) = -3295*x - 19769. Calculate r(-6).
1
Let m(i) = -4*i**3 - i**2 - 16*i + 29. Determine m(3).
-136
Let k(w) = w**3 + 35*w**2 - 77*w - 145. Give k(-37).
-34
Let k(l) = 1288*l + 10314. Calculate k(-8).
10
Let w(t) = t**2 + 29*t + 88. Give w(-21).
-80
Let t(g) = 79*g - 121. Calculate t(-5).
-516
Let a(u) = -583*u + 2909. Determine a(5).
-6
Let a(b) = -b**3 + 2*b**2 - 21*b + 167. Determine a(5).
-13
Let u(a) = 78*a + 21. What is u(-1)?
-57
Let j(c) = 3*c**2 - 161*c - 955. Determine j(-6).
119
Let l(i) = 43*i + 46. Give l(-2).
-40
Let t(c) = -483*c**2 - 102*c - 104. What is t(-1)?
-485
Let y(h) = -153*h + 86. Calculate y(0).
86
Let o(v) = -v**2 + 364*v + 1472. Calculate o(-4).
0
Let g(f) = 13*f**3 + 21*f**2 + 4*f + 21. Give g(-2).
-7
Let b(w) = 6*w**2 - 195*w - 16. Give b(33).
83
Let u(k) = 18*k**3 + 20*k**2 - 6*k - 3. What is u(-2)?
-55
Let c(r) = 15*r**2 - 3*r - 30. What is c(-6)?
528
Let h(j) = 2*j**3 - 5*j**2 - 4*j - 7. What is h(-3)?
-94
Let p(l) = -3*l**2 + 75*l + 220. Determine p(-3).
-32
Let w(u) = -32*u**2 + 119*u + 119. Calculate w(-1).
-32
Let d(h) = -h**2 - 32*h - 214. Calculate d(-21).
17
Let t(g) = -48*g + 1078. What is t(23)?
-26
Let q(p) = 2*p**3 + 99*p**2 - 56*p - 341. Give q(-50).
-41
Let x(v) = -v**2 + 456*v - 7017. What is x(16)?
23
Let o(r) = -93*r**2 - r + 7. Calculate o(-2).
-363
Let i(r) = -r**3 - 15*r**2 - 15*r + 12. Calculate i(-14).
26
Let d(s) = -39*s + 2774. Calculate d(71).
5
Let r(t) = 303*t - 6670. Give r(22).
-4
Let q(x) = -864*x + 13786. Determine q(16).
-38
Let l(b) = -5*b - 184. What is l(-9)?
-139
Let v(q) = 520*q - 6264. Give v(12).
-24
Let h(c) = -4*c**3 - 50*c**2 - 146*c - 2. Give h(-8).
14
Let k(j) = 1815*j - 18160. What is k(10)?
-10
Let o(t) = -37*t + 563. Determine o(17).
-66
Let p(m) = m**2 - 15*m + 153. What is p(10)?
103
Let q(y) = -178*y**2 + 10*y - 8. What is q(1)?
-176
Let a(o) = 2*o**3 + 117*o**2 - 71*o - 732. Determine a(-59).
-24
Let p(l) = -l**3 + 22*l**2 - 23*l + 52. Calculate p(21).
10
Let w(k) = 2*k**3 + 190*k**2 - 7*k - 697. What is w(-95)?
-32
Let w(c) = 4*c**2 - 745*c - 9300. Determine w(198).
6
Let j(d) = 188*d + 54. What is j(-1)?
-134
Let m(c) = -113*c - 785. Determine m(-7).
6
Let q(h) = 9*h - 626. Give q(73).
31
Let l(n) = 3*n**3 + 10*n**2 + 548*n + 1625. Give l(-3).
-10
Let q(l) = -68*l - 406. Determine q(-9).
206
Let l(s) = s**3 - 101*s**2 - 891*s - 148. Calculate l(-8).
4
Let d(j) = -j**3 - 4*j**2 + 35*j + 29. Determine d(-8).
5
Let a(w) = -w**3 + 7*w**2 + 25*w + 54. Calculate a(11).
-155
Let j(n) = -n**3 - 6*n**2 + 39*n + 195. Determine j(-5).
-25
Let f(z) = z**3 + 8*z**2 - 9*z - 13. What is f(2)?
9
Let y(c) = 1415*c - 5629. Give y(4).
31
Let j(d) = 5871*d + 11742. Calculate j(-2).
0
Let c(i) = -184*i + 1837. Give c(10).
-3
Let w(y) = -y**3 + 33*y**2 - 3*y + 116. Calculate w(33).
17
Let f(r) = -r**2 - 134*r - 4301. Calculate f(-74).
139
Let f(b) = 34*b**2 + 3149*b + 1928. Calculate f(-92).
-4
Let w(k) = -2*k**2 - 48*k - 116. Determine w(-19).
74
Let o(w) = -245*w + 1715. Calculate o(7).
0
Let c(u) = 16*u**2 + 89*u - 320. Calculate c(-8).
-8
Let r(j) = -j**3 + 46*j**2 + 7*j - 2384. Give r(45).
-44
Let p(g) = -g**3 + 6*g**2 + 7*g + 43. What is p(8)?
-29
Let a(p) = p**2 - 114*p + 596. Give a(6).
-52
Let a(h) = 28*h - 155. Calculate a(6).
13
Let u(b) = b**3 - 483*b**2 - 31977*b + 60. Calculate u(-59).
1
Let g(z) = -z**2 - 4*z + 13. What is g(-9)?
-32
Let h(k) = -k**3 - 58*k**2 - 59*k - 84. Calculate h(-57).
30
Let w(x) = 4*x**2 + 42*x - 29. Determine w(-11).
-7
Let m(j) = 130*j + 709. What is m(-7)?
-201
Let f(o) = -863*o - 46. What is f(0)?
-46
Let v(m) = -m**3 + 8*m**2 - 10*m + 93. Determine v(8).
13
Let l(z) = z**3 + 18*z**2 + 40*z + 14. Determine l(-16).
-114
Let i(n) = -n**3 - 17*n**2 + 214*n - 317. Calculate i(7).
5
Let o(q) = 4*q**3 - 36*q**2 - 17*q + 21. Give o(10).
251
Let x(h) = -15*h**2 - 1039*h - 212. Give x(-69).
64
Let d(p) = 54*p**2 + 1024*p - 61. Calculate d(-19).
-23
Let d(t) = -32*t - 45. Calculate d(6).
-237
Let q(b) = 33*b + 1710. Determine q(-59).
-237
Let v(w) = 1471*w - 7346. Determine v(5).
9
Let w(h) = -h**3 + 12*h**2 - 5*h + 24. Determine w(12).
-36
Let w(g) = 295*g - 12389. What is w(42)?
1
Let m(d) = -3*d**2 + 206*d - 134. Determine m(68).